{"id":132,"date":"2018-06-13T11:47:40","date_gmt":"2018-06-13T11:47:40","guid":{"rendered":"http:\/\/teskesyem.org.tr\/?page_id=132"},"modified":"2018-06-13T11:47:40","modified_gmt":"2018-06-13T11:47:40","slug":"esyem-yonetim-ilkeleri","status":"publish","type":"page","link":"http:\/\/teskesyem.org.tr\/?page_id=132","title":{"rendered":"ESYEM Y\u00f6netim \u0130lkeleri"},"content":{"rendered":"<ul>\n<li>Karar alma, uygulamada\u00a0\u015feffafl\u0131k ve ba\u011f\u0131ms\u0131zl\u0131k.<\/li>\n<li>Hizmetlerin temini ile sunumunda yerindelik ve ihtiyaca uygunluk prensibinden hareketle g\u00fcvenilirlik ve\u00a0etkinlik.<\/li>\n<li>Sunulan hizmetlere kolay eri\u015filebilirlik.<\/li>\n<li>Sunulan hizmetler kapsam\u0131nda elde edilen\u00a0 ki\u015fisel\u00a0 bilgilerde gizlilik.<\/li>\n<li>Hizmet sunumunda t\u00fcm taraflara e\u015fit davranmak<\/li>\n<li>Nitelikli \u00fcretken ve rasyonel y\u00f6ntemlerle\u00a0verimlilik.<\/li>\n<li>Karar alma, uygulama ve hizmetlerin sunumunda hukuka uygunluk ve\u00a0tarafs\u0131zl\u0131k.<\/li>\n<li>Hizmetlerde\u00a0kalite g\u00fcvencesinin sa\u011flanmas\u0131 ve sekt\u00f6rel memnuniyet sa\u011flamak.<\/li>\n<li>Kalite geli\u015ftirme \u00e7al\u0131\u015fmalar\u0131na\u00a0\u00f6nem vermek.<\/li>\n<li>Sekt\u00f6rlerin g\u00fc\u00e7lendirilmesi ad\u0131na i\u015fletme \u2013 \u00e7al\u0131\u015fan \u00a0i\u015fbirli\u011fi ile\u00a0kat\u0131l\u0131mc\u0131l\u0131k.<\/li>\n<li>Di\u011fer kamu, kurum ve kurulu\u015flar ile s\u00fcrekli\u00a0koordinasyon sa\u011flamak.<\/li>\n<\/ul>\n","protected":false},"excerpt":{"rendered":"<p>Karar alma, uygulamada\u00a0\u015feffafl\u0131k ve ba\u011f\u0131ms\u0131zl\u0131k. Hizmetlerin temini ile sunumunda yerindelik ve ihtiyaca uygunluk prensibinden hareketle g\u00fcvenilirlik ve\u00a0etkinlik. Sunulan hizmetlere kolay eri\u015filebilirlik. Sunulan hizmetler kapsam\u0131nda elde edilen\u00a0 ki\u015fisel\u00a0 bilgilerde gizlilik. Hizmet sunumunda t\u00fcm taraflara e\u015fit davranmak Nitelikli \u00fcretken ve rasyonel y\u00f6ntemlerle\u00a0verimlilik. Karar alma, uygulama ve hizmetlerin sunumunda hukuka uygunluk ve\u00a0tarafs\u0131zl\u0131k. Hizmetlerde\u00a0kalite g\u00fcvencesinin sa\u011flanmas\u0131 ve sekt\u00f6rel memnuniyet [&hellip;]<\/p>\n","protected":false},"author":1,"featured_media":0,"parent":0,"menu_order":0,"comment_status":"closed","ping_status":"closed","template":"","meta":{"footnotes":""},"_links":{"self":[{"href":"http:\/\/teskesyem.org.tr\/index.php?rest_route=\/wp\/v2\/pages\/132"}],"collection":[{"href":"http:\/\/teskesyem.org.tr\/index.php?rest_route=\/wp\/v2\/pages"}],"about":[{"href":"http:\/\/teskesyem.org.tr\/index.php?rest_route=\/wp\/v2\/types\/page"}],"author":[{"embeddable":true,"href":"http:\/\/teskesyem.org.tr\/index.php?rest_route=\/wp\/v2\/users\/1"}],"replies":[{"embeddable":true,"href":"http:\/\/teskesyem.org.tr\/index.php?rest_route=%2Fwp%2Fv2%2Fcomments&post=132"}],"version-history":[{"count":1,"href":"http:\/\/teskesyem.org.tr\/index.php?rest_route=\/wp\/v2\/pages\/132\/revisions"}],"predecessor-version":[{"id":133,"href":"http:\/\/teskesyem.org.tr\/index.php?rest_route=\/wp\/v2\/pages\/132\/revisions\/133"}],"wp:attachment":[{"href":"http:\/\/teskesyem.org.tr\/index.php?rest_route=%2Fwp%2Fv2%2Fmedia&parent=132"}],"curies":[{"name":"wp","href":"https:\/\/api.w.org\/{rel}","templated":true}]}}