{"id":165,"date":"2018-06-13T12:10:09","date_gmt":"2018-06-13T12:10:09","guid":{"rendered":"http:\/\/teskesyem.org.tr\/?page_id=165"},"modified":"2025-04-25T13:07:28","modified_gmt":"2025-04-25T13:07:28","slug":"belgelendirme-kapsami","status":"publish","type":"page","link":"http:\/\/teskesyem.org.tr\/?page_id=165","title":{"rendered":"Belgelendirme Kapsam\u0131"},"content":{"rendered":"<table style=\"height: 2658px;\" border=\"1\" width=\"1036\" cellspacing=\"0\" cellpadding=\"0\" align=\"left\">\n<tbody>\n<tr>\n<td><strong>S\u0131ra<\/strong><strong>No<\/strong><\/td>\n<td><strong>Belgelendirmeye Esas Ulusal Yeterlilik Kodu<\/strong><\/td>\n<td><strong>Belgelendirme Kapsam\u0131ndaki Ulusal Yeterlili\u011fin Ad\u0131<\/strong><\/td>\n<td><strong>Yeterlilik Seviyesi<\/strong><\/td>\n<td><strong>Yeterlilik Birimleri<\/strong><\/td>\n<td><strong>Sekt\u00f6r<\/strong><\/td>\n<td><strong>Belgelendirme Program\u0131 \u00d6n \u015eart\u0131<\/strong><\/td>\n<\/tr>\n<tr>\n<td>\u00a0<\/td>\n<td>16UY0250-2<\/td>\n<td>A\u011fdac\u0131<\/td>\n<td>Seviye-2<\/td>\n<td>A1 \u0130\u015f S\u00fcre\u00e7lerinde \u0130\u015f Sa\u011fl\u0131\u011f\u0131 ve G\u00fcvenli\u011fi, \u00c7evre Koruma, Organizasyon<\/td>\n<td>Toplumsal ve Ki\u015fisel Hizmetler<\/td>\n<td>\u00d6n \u015fart bulunmamaktad\u0131r.<\/td>\n<\/tr>\n<tr>\n<td>\u00a0<\/td>\n<td>16UY0250-2<\/td>\n<td>A\u011fdac\u0131<\/td>\n<td>Seviye-2<\/td>\n<td>A2 Depilasyon Uygulamalar\u0131<\/td>\n<td>Toplumsal ve Ki\u015fisel Hizmetler<\/td>\n<td>\u00d6n \u015fart bulunmamaktad\u0131r.<\/td>\n<\/tr>\n<tr>\n<td>\u00a0<\/td>\n<td>16UY0248-3<\/td>\n<td>D\u00f6vme Uygulay\u0131c\u0131s\u0131<\/td>\n<td>Seviye-3<\/td>\n<td>A1 \u0130\u015f Sa\u011fl\u0131\u011f\u0131 ve G\u00fcvenli\u011fi, \u00c7evre Koruma ve Mesleki Geli\u015fim<\/td>\n<td>Toplumsal ve Ki\u015fisel Hizmetler<\/td>\n<td>\u00d6n \u015fart bulunmamaktad\u0131r.<\/td>\n<\/tr>\n<tr>\n<td>\u00a0<\/td>\n<td>16UY0248-3<\/td>\n<td>D\u00f6vme Uygulay\u0131c\u0131s\u0131<\/td>\n<td>Seviye-3<\/td>\n<td>A2 D\u00f6vme Uygulamalar\u0131<\/td>\n<td>Toplumsal ve Ki\u015fisel Hizmetler<\/td>\n<td>\u00d6n \u015fart bulunmamaktad\u0131r.<\/td>\n<\/tr>\n<tr>\n<td>\u00a0<\/td>\n<td>16UY0244-4<\/td>\n<td>G\u00fczellik Uzman\u0131<\/td>\n<td>Seviye-4<\/td>\n<td>A1 \u0130\u015f S\u00fcre\u00e7lerinde \u0130\u015f Sa\u011fl\u0131\u011f\u0131 ve G\u00fcvenli\u011fi, Organizasyon ve Mesleki Geli\u015fim<\/td>\n<td>Toplumsal ve Ki\u015fisel Hizmetler<\/td>\n<td>\u00d6n \u015fart bulunmamaktad\u0131r.<\/td>\n<\/tr>\n<tr>\n<td>\u00a0<\/td>\n<td>16UY0244-4<\/td>\n<td>G\u00fczellik Uzman\u0131<\/td>\n<td>Seviye-4<\/td>\n<td>A2 Cilt ve V\u00fccut Bak\u0131m\u0131<\/td>\n<td>Toplumsal ve Ki\u015fisel Hizmetler<\/td>\n<td>\u00d6n \u015fart bulunmamaktad\u0131r.<\/td>\n<\/tr>\n<tr>\n<td>\u00a0<\/td>\n<td>16UY0244-4<\/td>\n<td>G\u00fczellik Uzman\u0131<\/td>\n<td>Seviye-4<\/td>\n<td>A3 Epilasyon ve Depilasyon Uygulamalar\u0131<\/td>\n<td>Toplumsal ve Ki\u015fisel Hizmetler<\/td>\n<td>\u00d6n \u015fart bulunmamaktad\u0131r.<\/td>\n<\/tr>\n<tr>\n<td>\u00a0<\/td>\n<td>16UY0244-4<\/td>\n<td>G\u00fczellik Uzman\u0131<\/td>\n<td>Seviye-4<\/td>\n<td>A4 Makyaj Uygulamalar\u0131<\/td>\n<td>Toplumsal ve Ki\u015fisel Hizmetler<\/td>\n<td>\u00d6n \u015fart bulunmamaktad\u0131r.<\/td>\n<\/tr>\n<tr>\n<td>\u00a0<\/td>\n<td>16UY0245-4<\/td>\n<td>Kuaf\u00f6r<\/td>\n<td>Seviye-4<\/td>\n<td>A1 \u0130\u015f S\u00fcre\u00e7lerinde \u0130\u015f Sa\u011fl\u0131\u011f\u0131 ve G\u00fcvenli\u011fi, Organizasyon ve Mesleki Geli\u015fim<\/td>\n<td>Toplumsal ve Ki\u015fisel Hizmetler<\/td>\n<td>\u00d6n \u015fart bulunmamaktad\u0131r.<\/td>\n<\/tr>\n<tr>\n<td>\u00a0<\/td>\n<td>16UY0245-4<\/td>\n<td>Kuaf\u00f6r<\/td>\n<td>Seviye-4<\/td>\n<td>B1 Kad\u0131n Sa\u00e7 Bak\u0131m\u0131 ve Sa\u00e7 Kesimi<\/td>\n<td>Toplumsal ve Ki\u015fisel Hizmetler<\/td>\n<td>\u00d6n \u015fart bulunmamaktad\u0131r.<\/td>\n<\/tr>\n<tr>\n<td>\u00a0<\/td>\n<td>16UY0245-4<\/td>\n<td>Kuaf\u00f6r<\/td>\n<td>Seviye-4<\/td>\n<td>B2 Kad\u0131n Sa\u00e7\u0131na Ge\u00e7ici \u015eekil Verme<\/td>\n<td>Toplumsal ve Ki\u015fisel Hizmetler<\/td>\n<td>\u00d6n \u015fart bulunmamaktad\u0131r.<\/td>\n<\/tr>\n<tr>\n<td>\u00a0<\/td>\n<td>16UY0245-4<\/td>\n<td>Kuaf\u00f6r<\/td>\n<td>Seviye-4<\/td>\n<td>B3 Erkek Sa\u00e7 Kesimi, \u015eekil Verme ve T\u0131ra\u015f<\/td>\n<td>Toplumsal ve Ki\u015fisel Hizmetler<\/td>\n<td>\u00d6n \u015fart bulunmamaktad\u0131r.<\/td>\n<\/tr>\n<tr>\n<td>\u00a0<\/td>\n<td>16UY0245-4<\/td>\n<td>Kuaf\u00f6r<\/td>\n<td>Seviye-4<\/td>\n<td>B4 Sa\u00e7 Rengini De\u011fi\u015ftirme<\/td>\n<td>Toplumsal ve Ki\u015fisel Hizmetler<\/td>\n<td>\u00d6n \u015fart bulunmamaktad\u0131r.<\/td>\n<\/tr>\n<tr>\n<td>\u00a0<\/td>\n<td>16UY0245-4<\/td>\n<td>Kuaf\u00f6r<\/td>\n<td>Seviye-4<\/td>\n<td>B5 Sa\u00e7a Kal\u0131c\u0131 \u015eekil Verme<\/td>\n<td>Toplumsal ve Ki\u015fisel Hizmetler<\/td>\n<td>\u00d6n \u015fart bulunmamaktad\u0131r.<\/td>\n<\/tr>\n<tr>\n<td>\u00a0<\/td>\n<td>16UY0246-3<\/td>\n<td>Manik\u00fcrist<\/td>\n<td>Seviye-3<\/td>\n<td>A1 \u0130\u015f S\u00fcre\u00e7lerinde \u0130\u015f Sa\u011fl\u0131\u011f\u0131 ve G\u00fcvenli\u011fi, \u00c7evre Koruma, Organizasyon<\/td>\n<td>Toplumsal ve Ki\u015fisel Hizmetler<\/td>\n<td>\u00d6n \u015fart bulunmamaktad\u0131r.<\/td>\n<\/tr>\n<tr>\n<td>\u00a0<\/td>\n<td>16UY0246-3<\/td>\n<td>Manik\u00fcrist<\/td>\n<td>Seviye-3<\/td>\n<td>A2 Manik\u00fcr ve Pedik\u00fcr Uygulamalar\u0131<\/td>\n<td>Toplumsal ve Ki\u015fisel Hizmetler<\/td>\n<td>\u00d6n \u015fart bulunmamaktad\u0131r.<\/td>\n<\/tr>\n<tr>\n<td>\u00a0<\/td>\n<td>14UY0197-3<\/td>\n<td>Masaj Uygulay\u0131c\u0131s\u0131<\/td>\n<td>Seviye-3<\/td>\n<td>A1: \u0130\u015f Sa\u011fl\u0131\u011f\u0131 ve G\u00fcvenli\u011fi ile \u00c7evre Koruma<\/td>\n<td>Toplumsal ve Ki\u015fisel Hizmetler<\/td>\n<td>\u00d6n \u015fart bulunmamaktad\u0131r.<\/td>\n<\/tr>\n<tr>\n<td>\u00a0<\/td>\n<td>14UY0197-3<\/td>\n<td>Masaj Uygulay\u0131c\u0131s\u0131<\/td>\n<td>Seviye-3<\/td>\n<td>A2: \u0130\u015f Organizasyonu ve Mesleki Geli\u015fim<\/td>\n<td>Toplumsal ve Ki\u015fisel Hizmetler<\/td>\n<td>\u00d6n \u015fart bulunmamaktad\u0131r.<\/td>\n<\/tr>\n<tr>\n<td>\u00a0<\/td>\n<td>14UY0197-3<\/td>\n<td>Masaj Uygulay\u0131c\u0131s\u0131<\/td>\n<td>Seviye-3<\/td>\n<td>A3: Kalite ve M\u00fc\u015fteri \u0130li\u015fkileri<\/td>\n<td>Toplumsal ve Ki\u015fisel Hizmetler<\/td>\n<td>\u00d6n \u015fart bulunmamaktad\u0131r.<\/td>\n<\/tr>\n<tr>\n<td>\u00a0<\/td>\n<td>14UY0197-3<\/td>\n<td>Masaj Uygulay\u0131c\u0131s\u0131<\/td>\n<td>Seviye-3<\/td>\n<td>A4: Temel Sa\u011fl\u0131k ve Malzeme Bilgisi<\/td>\n<td>Toplumsal ve Ki\u015fisel Hizmetler<\/td>\n<td>\u00d6n \u015fart bulunmamaktad\u0131r.<\/td>\n<\/tr>\n<tr>\n<td>\u00a0<\/td>\n<td>14UY0197-3<\/td>\n<td>Masaj Uygulay\u0131c\u0131s\u0131<\/td>\n<td>Seviye-3<\/td>\n<td>A5: Masaj Haz\u0131rl\u0131klar\u0131<\/td>\n<td>Toplumsal ve Ki\u015fisel Hizmetler<\/td>\n<td>\u00d6n \u015fart bulunmamaktad\u0131r.<\/td>\n<\/tr>\n<tr>\n<td>\u00a0<\/td>\n<td>14UY0197-3<\/td>\n<td>Masaj Uygulay\u0131c\u0131s\u0131<\/td>\n<td>Seviye-3<\/td>\n<td>A6: Masaj Uygulamalar\u0131<\/td>\n<td>Toplumsal ve Ki\u015fisel Hizmetler<\/td>\n<td>\u00d6n \u015fart bulunmamaktad\u0131r.<\/td>\n<\/tr>\n<tr>\n<td>\u00a0<\/td>\n<td>16UY0247-3<\/td>\n<td>Protez T\u0131rnak Uygulay\u0131c\u0131s\u0131<\/td>\n<td>Seviye-3<\/td>\n<td>A1: \u0130\u015f Sa\u011fl\u0131\u011f\u0131 ve G\u00fcvenli\u011fi ile \u00c7evre Koruma<\/td>\n<td>Toplumsal ve Ki\u015fisel Hizmetler<\/td>\n<td>\u00d6n \u015fart bulunmamaktad\u0131r.<\/td>\n<\/tr>\n<tr>\n<td>\u00a0<\/td>\n<td>16UY0247-3<\/td>\n<td>Protez T\u0131rnak Uygulay\u0131c\u0131s\u0131<\/td>\n<td>Seviye-3<\/td>\n<td>A2:Protez T\u0131rnak Uygulamas\u0131<\/td>\n<td>Toplumsal ve Ki\u015fisel Hizmetler<\/td>\n<td>\u00d6n \u015fart bulunmamaktad\u0131r.<\/td>\n<\/tr>\n<tr>\n<td>\u00a0<\/td>\n<td>16UY0248-3<\/td>\n<td>D\u00f6vme Uygulay\u0131c\u0131s\u0131<\/td>\n<td>Seviye-3<\/td>\n<td>\u00a0A1: \u0130\u015f Sa\u011fl\u0131\u011f\u0131 ve G\u00fcvenli\u011fi ile \u00c7evre Koruma<\/td>\n<td>Toplumsal ve Ki\u015fisel Hizmetler<\/td>\n<td>\u00d6n \u015fart bulunmamaktad\u0131r.<\/td>\n<\/tr>\n<tr>\n<td>\u00a0<\/td>\n<td>16UY0248-3<\/td>\n<td>D\u00f6vme Uygulay\u0131c\u0131s\u0131<\/td>\n<td>Seviye-3<\/td>\n<td>A2:D\u00f6vme Uygulamalar\u0131<\/td>\n<td>Toplumsal ve Ki\u015fisel Hizmetler<\/td>\n<td>\u00d6n \u015fart bulunmamaktad\u0131r.<\/td>\n<\/tr>\n<tr>\n<td>\u00a0<\/td>\n<td>17UY0333-5<\/td>\n<td>Sorumlu Emlak Dan\u0131\u015fman\u0131<\/td>\n<td>Seviye-5<\/td>\n<td>A1:\u0130sg-\u00c7evre ve Kalite<\/td>\n<td>Toplumsal ve Ki\u015fisel Hizmetler<\/td>\n<td>\u00d6n \u015fart bulunmamaktad\u0131r.<\/td>\n<\/tr>\n<tr>\n<td>\u00a0<\/td>\n<td>17UY0333-5<\/td>\n<td>Sorumlu Emlak Dan\u0131\u015fman\u0131<\/td>\n<td>Seviye-5<\/td>\n<td>A2:Pazarlama Stratejisi Geli\u015ftirme ve \u0130\u015f Organizasyon<\/td>\n<td>Toplumsal ve Ki\u015fisel Hizmetler<\/td>\n<td>\u00d6n \u015fart bulunmamaktad\u0131r.<\/td>\n<\/tr>\n<tr>\n<td>\u00a0<\/td>\n<td>17UY0333-5<\/td>\n<td>Sorumlu Emlak Dan\u0131\u015fman\u0131<\/td>\n<td>Seviye-5<\/td>\n<td>A3:Emlak Sat\u0131\u015f\/Kiralama ve Sonras\u0131 \u0130\u015flemleri<\/td>\n<td>Toplumsal ve Ki\u015fisel Hizmetler<\/td>\n<td>\u00d6n \u015fart bulunmamaktad\u0131r.<\/td>\n<\/tr>\n<tr>\n<td>\u00a0<\/td>\n<td>17UY0299-5<\/td>\n<td>Motorlu Kara Ta\u015f\u0131tlar\u0131 Al\u0131m Sat\u0131m Sorumlusu<\/td>\n<td>Seviye-5<\/td>\n<td>A1:\u0130\u015f Sa\u011fl\u0131\u011f\u0131 ve G\u00fcvenli\u011fi ile \u00c7evre ve Kalite<\/td>\n<td>Toplumsal ve Ki\u015fisel Hizmetler<\/td>\n<td>\u00d6n \u015fart bulunmamaktad\u0131r.<\/td>\n<\/tr>\n<tr>\n<td>\u00a0<\/td>\n<td>17UY0299-5<\/td>\n<td>Motorlu Kara Ta\u015f\u0131tlar\u0131 Al\u0131m Sat\u0131m Sorumlusu<\/td>\n<td>Seviye-5<\/td>\n<td>A2:Motorlu Kara Ta\u015f\u0131t\u0131 Al\u0131m Sat\u0131m \u0130\u015flemleri<\/td>\n<td>Toplumsal ve Ki\u015fisel Hizmetler<\/td>\n<td>\u00d6n \u015fart bulunmamaktad\u0131r.<\/td>\n<\/tr>\n<tr>\n<td>\u00a0<\/td>\n<td>11UY0021-4<\/td>\n<td>Otomativ Mekanik\u00e7isi<\/td>\n<td>Seviye-4<\/td>\n<td>A1:\u0130\u015f Sa\u011fl\u0131\u011f\u0131 ve G\u00fcvenli\u011fi ile \u00c7evre ve Kalite<\/td>\n<td>Toplumsal ve Ki\u015fisel Hizmetler<\/td>\n<td>\u00d6n \u015fart bulunmamaktad\u0131r.<\/td>\n<\/tr>\n<tr>\n<td>\u00a0<\/td>\n<td>11UY0021-4<\/td>\n<td>Otomativ Mekanik\u00e7isi<\/td>\n<td>Seviye-4<\/td>\n<td>B1:Ara\u00e7 \u00dczerinde Periyodik Bak\u0131m, Ar\u0131za Tespit ve Onar\u0131m \u0130\u015flemleri<\/td>\n<td>Toplumsal ve Ki\u015fisel Hizmetler<\/td>\n<td>\u00d6n \u015fart bulunmamaktad\u0131r.<\/td>\n<\/tr>\n<tr>\n<td>\u00a0<\/td>\n<td>\n<p>11UY0020-5<\/p>\n<\/td>\n<td>Otomativ ElektroMekanik\u00e7isi<\/td>\n<td>Seviye-5<\/td>\n<td>A1:\u0130\u015f Sa\u011fl\u0131\u011f\u0131 ve G\u00fcvenli\u011fi ile \u00c7evre ve Kalite<\/td>\n<td>Toplumsal ve Ki\u015fisel Hizmetler<\/td>\n<td>\u00d6n \u015fart bulunmamaktad\u0131r.<\/td>\n<\/tr>\n<tr>\n<td>\u00a0<\/td>\n<td>\n<p>11UY0006-4<\/p>\n<\/td>\n<td>Otomativ Kaportac\u0131s\u0131<\/td>\n<td>Seviye-4<\/td>\n<td>A1:\u0130\u015f Sa\u011fl\u0131\u011f\u0131 ve G\u00fcvenli\u011fi ile \u00c7evre ve Kalite<\/td>\n<td>Toplumsal ve Ki\u015fisel Hizmetler<\/td>\n<td>\n<p>\u00d6n \u015fart bulunmamaktad\u0131r.<\/p>\n<\/td>\n<\/tr>\n<\/tbody>\n<\/table>\n<table style=\"height: 1072px;\" border=\"1\" width=\"973\" cellspacing=\"0\" cellpadding=\"0\" align=\"left\">\n<tbody>\n<tr>\n<td><strong>S\u0131ra<\/strong><strong>No<\/strong><\/td>\n<td><strong>Belgelendirmeye Esas Ulusal Yeterlilik Kodu<\/strong><\/td>\n<td><strong>Belgelendirme Kapsam\u0131ndaki Ulusal Yeterlili\u011fin Ad\u0131<\/strong><\/td>\n<td><strong>Yeterlilik Seviyesi<\/strong><\/td>\n<td><strong>Yeterlilik Birimleri<\/strong><\/td>\n<td><strong>Sekt\u00f6r<\/strong><\/td>\n<td><strong>Belgelendirme Program\u0131 \u00d6n \u015eart\u0131<\/strong><\/td>\n<\/tr>\n<tr>\n<td>\u00a0<\/td>\n<td>11UY0006-4<\/td>\n<td>Otomativ Kaportac\u0131s\u0131<\/td>\n<td>Seviye-4<\/td>\n<td>A2:\u0130\u015f Organizasyonu \u00d6n Haz\u0131rl\u0131k \u0130\u015flemleri<\/td>\n<td>Toplumsal ve Ki\u015fisel Hizmetler<\/td>\n<td>\u00d6n \u015fart bulunmamaktad\u0131r.<\/td>\n<\/tr>\n<tr>\n<td>\u00a0<\/td>\n<td>11UY0006-4<\/td>\n<td>Otomativ Kaportac\u0131s\u0131<\/td>\n<td>Seviye-4<\/td>\n<td>A3:Kaporta Onar\u0131m \u0130\u015flemleri<\/td>\n<td>Toplumsal ve Ki\u015fisel Hizmetler<\/td>\n<td>\u00d6n \u015fart bulunmamaktad\u0131r.<\/td>\n<\/tr>\n<tr>\n<td>\u00a0<\/td>\n<td>17UY0328-3<\/td>\n<td>Servis Arac\u0131 \u015eof\u00f6r\u00fc<\/td>\n<td>Seviye-3<\/td>\n<td>A1:\u0130sg,\u00c7evre ve Kalite<\/td>\n<td>Toplumsal ve Ki\u015fisel Hizmetler<\/td>\n<td>\u00d6n \u015fart bulunmamaktad\u0131r.<\/td>\n<\/tr>\n<tr>\n<td>\u00a0<\/td>\n<td>17UY0328-3<\/td>\n<td>Servis Arac\u0131 \u015eof\u00f6r\u00fc<\/td>\n<td>\u00a0Seviye-3<\/td>\n<td>A2:Ara\u00e7 Kontrol\u00fc ve \u00d6\u011frenci\/Personel Ula\u015f\u0131m\u0131<\/td>\n<td>Toplumsal ve Ki\u015fisel Hizmetler<\/td>\n<td>\u00d6n \u015fart bulunmamaktad\u0131r.<\/td>\n<\/tr>\n<tr>\n<td>\u00a0<\/td>\n<td>\u00a0<\/td>\n<td>\u00a0<\/td>\n<td>\u00a0<\/td>\n<td>\u00a0<\/td>\n<td>\u00a0<\/td>\n<td>\u00a0<\/td>\n<\/tr>\n<tr>\n<td>\u00a0<\/td>\n<td>\u00a0<\/td>\n<td>\u00a0<\/td>\n<td>\u00a0<\/td>\n<td>\u00a0<\/td>\n<td>\u00a0<\/td>\n<td>\u00a0<\/td>\n<\/tr>\n<tr>\n<td>\u00a0<\/td>\n<td>\u00a0<\/td>\n<td>\u00a0<\/td>\n<td>\u00a0<\/td>\n<td>\u00a0<\/td>\n<td>\u00a0<\/td>\n<td>\u00a0<\/td>\n<\/tr>\n<tr>\n<td>\u00a0<\/td>\n<td>\u00a0<\/td>\n<td>\u00a0<\/td>\n<td>\u00a0<\/td>\n<td>\u00a0<\/td>\n<td>\u00a0<\/td>\n<td>\u00a0<\/td>\n<\/tr>\n<tr>\n<td>\u00a0<\/td>\n<td>\u00a0<\/td>\n<td>\u00a0<\/td>\n<td>\u00a0<\/td>\n<td>\u00a0<\/td>\n<td>\u00a0<\/td>\n<td>\u00a0<\/td>\n<\/tr>\n<tr>\n<td>\u00a0<\/td>\n<td>\u00a0<\/td>\n<td>\u00a0<\/td>\n<td>\u00a0<\/td>\n<td>\u00a0<\/td>\n<td>\u00a0<\/td>\n<td>\u00a0<\/td>\n<\/tr>\n<tr>\n<td>\u00a0<\/td>\n<td>\u00a0<\/td>\n<td>\u00a0<\/td>\n<td>\u00a0<\/td>\n<td>\u00a0<\/td>\n<td>\u00a0<\/td>\n<td>\u00a0<\/td>\n<\/tr>\n<tr>\n<td>\u00a0<\/td>\n<td>\u00a0<\/td>\n<td>\u00a0<\/td>\n<td>\u00a0<\/td>\n<td>\u00a0<\/td>\n<td>\u00a0<\/td>\n<td>\u00a0<\/td>\n<\/tr>\n<tr>\n<td>\u00a0<\/td>\n<td>\u00a0<\/td>\n<td>\u00a0<\/td>\n<td>\u00a0<\/td>\n<td>\u00a0<\/td>\n<td>\u00a0<\/td>\n<td>\u00a0<\/td>\n<\/tr>\n<tr>\n<td>\u00a0<\/td>\n<td>\u00a0<\/td>\n<td>\u00a0<\/td>\n<td>\u00a0<\/td>\n<td>\u00a0<\/td>\n<td>\u00a0<\/td>\n<td>\u00a0<\/td>\n<\/tr>\n<tr>\n<td>\u00a0<\/td>\n<td>\u00a0<\/td>\n<td>\u00a0<\/td>\n<td>\u00a0<\/td>\n<td>\u00a0<\/td>\n<td>\u00a0<\/td>\n<td>\u00a0<\/td>\n<\/tr>\n<tr>\n<td>\u00a0<\/td>\n<td>\u00a0<\/td>\n<td>\u00a0<\/td>\n<td>\u00a0<\/td>\n<td>\u00a0<\/td>\n<td>\u00a0<\/td>\n<td>\u00a0<\/td>\n<\/tr>\n<tr>\n<td>\u00a0<\/td>\n<td>\u00a0<\/td>\n<td>\u00a0<\/td>\n<td>\u00a0<\/td>\n<td>\u00a0<\/td>\n<td>\u00a0<\/td>\n<td>\u00a0<\/td>\n<\/tr>\n<tr>\n<td>\u00a0<\/td>\n<td>\u00a0<\/td>\n<td>\u00a0<\/td>\n<td>\u00a0<\/td>\n<td>\u00a0<\/td>\n<td>\u00a0<\/td>\n<td>\u00a0<\/td>\n<\/tr>\n<tr>\n<td>\u00a0<\/td>\n<td>\u00a0<\/td>\n<td>\u00a0<\/td>\n<td>\u00a0<\/td>\n<td>\u00a0<\/td>\n<td>\u00a0<\/td>\n<td>\u00a0<\/td>\n<\/tr>\n<tr>\n<td>\u00a0<\/td>\n<td>\u00a0<\/td>\n<td>\u00a0<\/td>\n<td>\u00a0<\/td>\n<td>\u00a0<\/td>\n<td>\u00a0<\/td>\n<td>\u00a0<\/td>\n<\/tr>\n<tr>\n<td>\u00a0<\/td>\n<td>\u00a0<\/td>\n<td>\u00a0<\/td>\n<td>\u00a0<\/td>\n<td>\u00a0<\/td>\n<td>\u00a0<\/td>\n<td>\u00a0<\/td>\n<\/tr>\n<tr>\n<td>\u00a0<\/td>\n<td>\u00a0<\/td>\n<td>\u00a0<\/td>\n<td>\u00a0<\/td>\n<td>\u00a0<\/td>\n<td>\u00a0<\/td>\n<td>\u00a0<\/td>\n<\/tr>\n<tr>\n<td>\u00a0<\/td>\n<td>\u00a0<\/td>\n<td>\u00a0<\/td>\n<td>\u00a0<\/td>\n<td>\u00a0<\/td>\n<td>\u00a0<\/td>\n<td>\u00a0<\/td>\n<\/tr>\n<tr>\n<td>\u00a0<\/td>\n<td>\u00a0<\/td>\n<td>\u00a0<\/td>\n<td>\u00a0<\/td>\n<td>\u00a0<\/td>\n<td>\u00a0<\/td>\n<td>\u00a0<\/td>\n<\/tr>\n<tr>\n<td>\u00a0<\/td>\n<td>\u00a0<\/td>\n<td>\u00a0<\/td>\n<td>\u00a0<\/td>\n<td>\u00a0<\/td>\n<td>\u00a0<\/td>\n<td>\u00a0<\/td>\n<\/tr>\n<tr>\n<td>\u00a0<\/td>\n<td>\u00a0<\/td>\n<td>\u00a0<\/td>\n<td>\u00a0<\/td>\n<td>\u00a0<\/td>\n<td>\u00a0<\/td>\n<td>\u00a0<\/td>\n<\/tr>\n<tr>\n<td>\u00a0<\/td>\n<td>\u00a0<\/td>\n<td>\u00a0<\/td>\n<td>\u00a0<\/td>\n<td>\u00a0<\/td>\n<td>\u00a0<\/td>\n<td>\u00a0<\/td>\n<\/tr>\n<tr>\n<td>\u00a0<\/td>\n<td>\u00a0<\/td>\n<td>\u00a0<\/td>\n<td>\u00a0<\/td>\n<td>\u00a0<\/td>\n<td>\u00a0<\/td>\n<td>\u00a0<\/td>\n<\/tr>\n<tr>\n<td>\u00a0<\/td>\n<td>\u00a0<\/td>\n<td>\u00a0<\/td>\n<td>\u00a0<\/td>\n<td>\u00a0<\/td>\n<td>\u00a0<\/td>\n<td>\u00a0<\/td>\n<\/tr>\n<tr>\n<td>\u00a0<\/td>\n<td>\u00a0<\/td>\n<td>\u00a0<\/td>\n<td>\u00a0<\/td>\n<td>\u00a0<\/td>\n<td>\u00a0<\/td>\n<td>\u00a0<\/td>\n<\/tr>\n<tr>\n<td>\u00a0<\/td>\n<td>\u00a0<\/td>\n<td>\u00a0<\/td>\n<td>\u00a0<\/td>\n<td>\u00a0<\/td>\n<td>\u00a0<\/td>\n<td>\u00a0<\/td>\n<\/tr>\n<tr>\n<td>\u00a0<\/td>\n<td>\u00a0<\/td>\n<td>\u00a0<\/td>\n<td>\u00a0<\/td>\n<td>\u00a0<\/td>\n<td>\u00a0<\/td>\n<td>\u00a0<\/td>\n<\/tr>\n<tr>\n<td>\u00a0<\/td>\n<td>\u00a0<\/td>\n<td>\u00a0<\/td>\n<td>\u00a0<\/td>\n<td>\u00a0<\/td>\n<td>\u00a0<\/td>\n<td>\u00a0<\/td>\n<\/tr>\n<tr>\n<td>\u00a0<\/td>\n<td>\u00a0<\/td>\n<td>\u00a0<\/td>\n<td>\u00a0<\/td>\n<td>\u00a0<\/td>\n<td>\u00a0<\/td>\n<td>\u00a0<\/td>\n<\/tr>\n<tr>\n<td>\u00a0<\/td>\n<td>\u00a0<\/td>\n<td>\u00a0<\/td>\n<td>\u00a0<\/td>\n<td>\u00a0<\/td>\n<td>\u00a0<\/td>\n<td>\u00a0<\/td>\n<\/tr>\n<\/tbody>\n<\/table>\n\n\n<p><\/p>\n","protected":false},"excerpt":{"rendered":"<p>S\u0131raNo Belgelendirmeye Esas Ulusal Yeterlilik Kodu Belgelendirme Kapsam\u0131ndaki Ulusal Yeterlili\u011fin Ad\u0131 Yeterlilik Seviyesi Yeterlilik Birimleri Sekt\u00f6r Belgelendirme Program\u0131 \u00d6n \u015eart\u0131 \u00a0 16UY0250-2 A\u011fdac\u0131 Seviye-2 A1 \u0130\u015f S\u00fcre\u00e7lerinde \u0130\u015f Sa\u011fl\u0131\u011f\u0131 ve G\u00fcvenli\u011fi, \u00c7evre Koruma, Organizasyon Toplumsal ve Ki\u015fisel Hizmetler \u00d6n \u015fart bulunmamaktad\u0131r. \u00a0 16UY0250-2 A\u011fdac\u0131 Seviye-2 A2 Depilasyon Uygulamalar\u0131 Toplumsal ve Ki\u015fisel Hizmetler \u00d6n \u015fart bulunmamaktad\u0131r. [&hellip;]<\/p>\n","protected":false},"author":1,"featured_media":0,"parent":0,"menu_order":0,"comment_status":"closed","ping_status":"closed","template":"","meta":{"footnotes":""},"_links":{"self":[{"href":"http:\/\/teskesyem.org.tr\/index.php?rest_route=\/wp\/v2\/pages\/165"}],"collection":[{"href":"http:\/\/teskesyem.org.tr\/index.php?rest_route=\/wp\/v2\/pages"}],"about":[{"href":"http:\/\/teskesyem.org.tr\/index.php?rest_route=\/wp\/v2\/types\/page"}],"author":[{"embeddable":true,"href":"http:\/\/teskesyem.org.tr\/index.php?rest_route=\/wp\/v2\/users\/1"}],"replies":[{"embeddable":true,"href":"http:\/\/teskesyem.org.tr\/index.php?rest_route=%2Fwp%2Fv2%2Fcomments&post=165"}],"version-history":[{"count":6,"href":"http:\/\/teskesyem.org.tr\/index.php?rest_route=\/wp\/v2\/pages\/165\/revisions"}],"predecessor-version":[{"id":1753,"href":"http:\/\/teskesyem.org.tr\/index.php?rest_route=\/wp\/v2\/pages\/165\/revisions\/1753"}],"wp:attachment":[{"href":"http:\/\/teskesyem.org.tr\/index.php?rest_route=%2Fwp%2Fv2%2Fmedia&parent=165"}],"curies":[{"name":"wp","href":"https:\/\/api.w.org\/{rel}","templated":true}]}}